{"id":102257,"date":"2023-10-29T21:48:58","date_gmt":"2023-10-29T20:48:58","guid":{"rendered":"https:\/\/rdesignconcept.com\/?post_type=product&#038;p=102257"},"modified":"2023-11-29T01:34:20","modified_gmt":"2023-11-29T00:34:20","slug":"meuble-tv-frida","status":"publish","type":"product","link":"https:\/\/rdesignconcept.com\/index.php\/product\/meuble-tv-frida\/","title":{"rendered":"Meuble TV Frida"},"content":{"rendered":"<p style=\"text-align: center;\"><span style=\"color: #1dadeb;\"><strong>\u2013 DIMENSIONS \u2013<\/strong><\/span><\/p>\n<p style=\"text-align: center;\">Unit\u00e9 bas<br \/>\nLargeur : 200 cm<br \/>\nHauteur :\u00a0 50 cm<br \/>\nProfondeur :\u00a0 43 cm<\/p>\n<p style=\"text-align: center;\">Unit\u00e9 haut<br \/>\nLargeur : 100 cm<br \/>\nHauteur :\u00a0 29 cm<br \/>\nProfondeur :\u00a0 28 cm<\/p>\n<p style=\"text-align: center;\">Colonnes<br \/>\nLargeur : 17 cm<br \/>\nHauteur :\u00a0 123 cm<br \/>\nProfondeur :\u00a0 20 cm<\/p>\n<p style=\"text-align: center;\"><span style=\"color: #1dadeb;\"><strong>\u2013 ENTRETIEN \u2013<\/strong><\/span><\/p>\n<p style=\"text-align: center;\">Il est recommand\u00e9 d&#8217;essuyer le meuble TV uniquement avec un chiffon microfibre humidifi\u00e9 \u00e0 l\u2019eau.<br \/>\n\u00c9vitez tout produit m\u00e9nage agressif.<\/p>\n","protected":false},"excerpt":{"rendered":"<p>L&#8217;ensemble meuble TV et salle \u00e0 manger Frida se fondra parfaitement dans le d\u00e9cor. Avec ses lignes simples et son design moderne, le meuble TV Frida habillera votre pi\u00e8ce de vie.<\/p>\n<p>N&#8217;oubliez pas de compl\u00e9ter l&#8217;ensemble Frida avec son buffet, sa table \u00e0 manger et nos chaises.<\/p>\n<p>Livraison en 4 \u00e0 10 semaines<\/p>\n","protected":false},"featured_media":102258,"comment_status":"open","ping_status":"closed","template":"","meta":{"om_disable_all_campaigns":false,"_mi_skip_tracking":false,"_monsterinsights_sitenote_active":false,"_monsterinsights_sitenote_note":"","_monsterinsights_sitenote_category":0},"product_cat":[287,319,316],"product_tag":[363,364],"aioseo_notices":[],"jetpack_sharing_enabled":true,"_links":{"self":[{"href":"https:\/\/rdesignconcept.com\/index.php\/wp-json\/wp\/v2\/product\/102257"}],"collection":[{"href":"https:\/\/rdesignconcept.com\/index.php\/wp-json\/wp\/v2\/product"}],"about":[{"href":"https:\/\/rdesignconcept.com\/index.php\/wp-json\/wp\/v2\/types\/product"}],"replies":[{"embeddable":true,"href":"https:\/\/rdesignconcept.com\/index.php\/wp-json\/wp\/v2\/comments?post=102257"}],"wp:featuredmedia":[{"embeddable":true,"href":"https:\/\/rdesignconcept.com\/index.php\/wp-json\/wp\/v2\/media\/102258"}],"wp:attachment":[{"href":"https:\/\/rdesignconcept.com\/index.php\/wp-json\/wp\/v2\/media?parent=102257"}],"wp:term":[{"taxonomy":"product_cat","embeddable":true,"href":"https:\/\/rdesignconcept.com\/index.php\/wp-json\/wp\/v2\/product_cat?post=102257"},{"taxonomy":"product_tag","embeddable":true,"href":"https:\/\/rdesignconcept.com\/index.php\/wp-json\/wp\/v2\/product_tag?post=102257"}],"curies":[{"name":"wp","href":"https:\/\/api.w.org\/{rel}","templated":true}]}}