{"id":100982,"date":"2023-07-18T00:33:41","date_gmt":"2023-07-17T22:33:41","guid":{"rendered":"https:\/\/rdesignconcept.com\/?post_type=product&#038;p=100982"},"modified":"2023-11-29T01:19:32","modified_gmt":"2023-11-29T00:19:32","slug":"lit-quantum","status":"publish","type":"product","link":"https:\/\/rdesignconcept.com\/index.php\/product\/lit-quantum\/","title":{"rendered":"Lit-coffre\/Matelas Quantum"},"content":{"rendered":"<p style=\"text-align: center;\"><span style=\"color: #1dadeb;\"><strong>\u2013 FABRICATION ET MATERIAUX \u2013<\/strong><\/span><\/p>\n<p style=\"text-align: center;\">Tissu doux lavable<br \/>\nProduction en diff\u00e9rentes tailles<br \/>\nMod\u00e8le de matelas orthop\u00e9dique<br \/>\nL&#8217;\u00e9paisseur du profil en m\u00e9tal de base est de 2&#215;2 cm<br \/>\nLe mod\u00e8le est propos\u00e9 en sommier, lit, t\u00eate de lit en ensemble.<br \/>\nSyst\u00e8me d&#8217;amortisseur \u00e0 double s\u00e9curit\u00e9, mod\u00e8le de t\u00eate compatible avec le socle<br \/>\nLa surface du matelas est respirante, adapt\u00e9e \u00e0 la sant\u00e9 humaine et environnementale<br \/>\nLe tissu du matelas ne transpire pas gr\u00e2ce aux canaux d&#8217;air \u00e0 la surface.<br \/>\nConception ergonomique, tissu tricot\u00e9 en coton r\u00e9sistant \u00e0 la transpiration et agr\u00e9able pour votre peau.<br \/>\nIl poss\u00e8de un syst\u00e8me d&#8217;\u00e9quilibre qui prot\u00e8ge la posture orthop\u00e9dique du syst\u00e8me musculo-squelettique.<br \/>\nProt\u00e8ge la courbe de la colonne vert\u00e9brale du corps en soutenant la taille, le dos, la t\u00eate, le cou et les genoux<\/p>\n<p style=\"text-align: center;\">Pour les d\u00e9tails de fabrication du matelas, veuillez vous r\u00e9f\u00e9rer \u00e0 l&#8217;image correspondante<\/p>\n<p style=\"text-align: center;\"><span style=\"color: #1dadeb;\"><strong>\u2013 DIMENSIONS \u2013<\/strong><\/span><\/p>\n<p style=\"text-align: center;\">160 x 200 cm<\/p>\n<p style=\"text-align: center;\"><span style=\"color: #1dadeb;\"><strong>\u2013 ENTRETIEN \u2013<\/strong><\/span><\/p>\n<p style=\"text-align: center;\">Il est recommand\u00e9 de laver la t\u00eate de lit avec un chiffon humide<\/p>\n","protected":false},"excerpt":{"rendered":"<p>Quantum propose des espaces de stockage modulables gr\u00e2ce \u00e0 son ch\u00e2ssis \u00e0 grand volume interne. Renforc\u00e9s par des verrous de s\u00e9curit\u00e9 sp\u00e9ciaux pour assurer votre s\u00e9curit\u00e9 et celle de vos enfants. Pieds hauts pour un nettoyage facile.<\/p>\n<p>Livraison en 4 \u00e0 10 semaines selon le stock disponible<\/p>\n","protected":false},"featured_media":100983,"comment_status":"open","ping_status":"closed","template":"","meta":{"om_disable_all_campaigns":false,"_mi_skip_tracking":false,"_monsterinsights_sitenote_active":false,"_monsterinsights_sitenote_note":"","_monsterinsights_sitenote_category":0},"product_cat":[290,332],"product_tag":[134,362,361,135,360,359],"aioseo_notices":[],"jetpack_sharing_enabled":true,"_links":{"self":[{"href":"https:\/\/rdesignconcept.com\/index.php\/wp-json\/wp\/v2\/product\/100982"}],"collection":[{"href":"https:\/\/rdesignconcept.com\/index.php\/wp-json\/wp\/v2\/product"}],"about":[{"href":"https:\/\/rdesignconcept.com\/index.php\/wp-json\/wp\/v2\/types\/product"}],"replies":[{"embeddable":true,"href":"https:\/\/rdesignconcept.com\/index.php\/wp-json\/wp\/v2\/comments?post=100982"}],"wp:featuredmedia":[{"embeddable":true,"href":"https:\/\/rdesignconcept.com\/index.php\/wp-json\/wp\/v2\/media\/100983"}],"wp:attachment":[{"href":"https:\/\/rdesignconcept.com\/index.php\/wp-json\/wp\/v2\/media?parent=100982"}],"wp:term":[{"taxonomy":"product_cat","embeddable":true,"href":"https:\/\/rdesignconcept.com\/index.php\/wp-json\/wp\/v2\/product_cat?post=100982"},{"taxonomy":"product_tag","embeddable":true,"href":"https:\/\/rdesignconcept.com\/index.php\/wp-json\/wp\/v2\/product_tag?post=100982"}],"curies":[{"name":"wp","href":"https:\/\/api.w.org\/{rel}","templated":true}]}}